{"id":18,"date":"2020-01-12T18:07:09","date_gmt":"2020-01-12T17:07:09","guid":{"rendered":"http:\/\/c2mb.com\/?page_id=18"},"modified":"2020-02-10T20:36:28","modified_gmt":"2020-02-10T19:36:28","slug":"nos-prestations","status":"publish","type":"page","link":"https:\/\/c2mb.com\/index.php\/nos-prestations\/","title":{"rendered":"Nos prestations"},"content":{"rendered":"\n<p><a href=\"https:\/\/c2mb.com\/index.php\/contact\/\"><strong>Nous contacter\u00a0pour \u00e9tude de votre demande.<\/strong><\/a><\/p>\n\n\n\n<h2 class=\"wp-block-heading\">Notre \u00e9quipe est \u00e0 votre \u00e9coute pour vous apporter une prestation adapt\u00e9e \u00e0 votre demande :<\/h2>\n\n\n\n<ul><li>Organisation comptable<\/li><li>Tenue compl\u00e8te de comptabilit\u00e9<\/li><li>R\u00e9vision des comptes<\/li><li>Formation sur des logiciels informatiques<\/li><li>Proposition d&rsquo;outils comptables<\/li><\/ul>\n\n\n\n<p><a href=\"https:\/\/c2mb.com\/index.php\/contact\/\"><strong>Nous contacter\u00a0pour \u00e9tude de votre demande.<\/strong><\/a><\/p>\n\n\n\n<h2 class=\"wp-block-heading\">Vous \u00eates cr\u00e9ateurs, clients, notre service juridique vous accompagne en relation avec des cabinets d&rsquo;avocats&nbsp;:<\/h2>\n\n\n\n<ul><li>Aide au choix de la structure juridique la mieux adapt\u00e9e lors de la cr\u00e9ation de votre entreprise<\/li><li>Conseil sur l&rsquo;\u00e9volution de la structure juridique, sociale de votre entreprise<\/li><li>Etablissement et d\u00e9pots des Statuts de tous types de soci\u00e9t\u00e9s<\/li><li>Secr\u00e9tariat juridique annuel<\/li><li>Etablissement et d\u00e9pots des Assembl\u00e9es g\u00e9n\u00e9rales tous types de soci\u00e9t\u00e9s<\/li><\/ul>\n\n\n\n<p><a href=\"https:\/\/c2mb.com\/index.php\/contact\/\"><strong>Nous contacter\u00a0pour \u00e9tude de votre demande.<\/strong><\/a><\/p>\n\n\n\n<h2 class=\"wp-block-heading\">Nous vous accompagnons dans la gestion quotidienne, pr\u00e9visionnelle de votre entreprise, association :<\/h2>\n\n\n\n<ul><li>Etablissement comptes annuels<\/li><li>Situations interm\u00e9diaires<\/li><li>Tableau de bord<\/li><li>Documents pr\u00e9visionnels<\/li><li>Analyse de votre rentabilit\u00e9 et de vos co\u00fbts<\/li><li>Calcul de vos prix de revient<\/li><li>Projets d\u2019investissement et de financement<\/li><li>Accompagnement dans vos d\u00e9marches bancaires et aux rendez-vous avec vos partenaires financiers<\/li><li>Propositions d&rsquo;outils de pilotages: tableaux de bord, note de frais, facturation<\/li><\/ul>\n\n\n\n<p><a href=\"https:\/\/c2mb.com\/index.php\/contact\/\"><strong>Nous contacter\u00a0pour \u00e9tude de votre demande.<\/strong><\/a><\/p>\n\n\n\n<h2 class=\"wp-block-heading\">Nous vous accompagnons dans la gestion des ressources humaines, dans l&rsquo;optimisation de votre statut social du chef d&rsquo;entreprise :<\/h2>\n\n\n\n<h3 class=\"wp-block-heading\">Les ressources humaines<\/h3>\n\n\n\n<ul><li>Les ressources humaines<\/li><li>Formalit\u00e9s d&#8217;embauche du salari\u00e9<\/li><li>R\u00e9daction du contrat de travail<\/li><li>Etablissement des bulletins de salaires<\/li><li>D\u00e9clarations de charges sociales aupr\u00e8s des divers organismes sociaux<\/li><li>Proc\u00e9dures de licenciement, rupture conventionnelle<\/li><li>Assistance aux controles administratifs<\/li><li>Mise en place d&rsquo;accord d&rsquo;int\u00e9ressement ,de PEE<\/li><\/ul>\n\n\n\n<h3 class=\"wp-block-heading\">Au niveau du chef d&rsquo;entreprise :<\/h3>\n\n\n\n<ul><li>Choix du statut social le mieux adapt\u00e9 pour le dirigeant<\/li><\/ul>\n\n\n\n<p><a href=\"https:\/\/c2mb.com\/index.php\/contact\/\"><strong>Nous contacter\u00a0pour \u00e9tude de votre demande.<\/strong><\/a><\/p>\n\n\n\n<h2 class=\"wp-block-heading\">Nous vous accompagnons dans vos projets patrimoniaux, dans la gestion de votre patrimoine priv\u00e9.<\/h2>\n\n\n\n<h3 class=\"wp-block-heading\">Une \u00e9quipe de professionnels comp\u00e9tents multidisciplinaires est \u00e0 votre service :<\/h3>\n\n\n\n<ul><li>R\u00e9alisation d&rsquo;un bilan: r\u00e9partition des revenus, analyse du patrimoine<\/li><li>Missions d&rsquo;assistance et de conseil en mati\u00e8re de gestion et de strat\u00e9gie patrimoniale<\/li><li>Etude du r\u00e9gime de pr\u00e9voyance et de retraite<\/li><li>Simulation de retraite<\/li><\/ul>\n\n\n\n<p><strong><a href=\"https:\/\/c2mb.com\/index.php\/contact\/\">Nous contacter\u00a0pour \u00e9tude de votre demande.<\/a><\/strong><\/p>\n\n\n\n<h2 class=\"wp-block-heading\">Entreprises, dirigeants, particuliers, nous pouvons vous assister dans le domaine de la fiscalit\u00e9 :<\/h2>\n\n\n\n<ul><li>D\u00e9clarations fiscales des entreprises<\/li><li>D\u00e9clarations d&rsquo;imp\u00f4ts sur le revenu<\/li><li>D\u00e9clarations de revenus fonciers<\/li><li>D\u00e9claration d&rsquo;ISF<\/li><li>Assistance au contr\u00f4le fiscal<\/li><\/ul>\n\n\n\n<p><a href=\"https:\/\/c2mb.com\/index.php\/contact\/\"><strong>Nous contacter\u00a0pour \u00e9tude de votre demande.<\/strong><\/a><\/p>\n\n\n\n<h2 class=\"wp-block-heading\">Nous disposons de comp\u00e9tence sur les op\u00e9rations de cr\u00e9ation, d&rsquo;acquisition, de transmission d&rsquo;entreprise, d&rsquo;ing\u00e9nierie financi\u00e8re :<\/h2>\n\n\n\n<ul><li>Evaluation d&rsquo;entreprise<\/li><li>Etude pr\u00e9alable de faisabilit\u00e9<\/li><li>Audit d&rsquo;acquisition<\/li><li>Assistance dans les n\u00e9gociations<\/li><li>Dossier financier pr\u00e9visionnel<\/li><li>Choix de la structure juridique et du r\u00e9gime fiscal<\/li><li>Participation \u00e0 la recherche de financements et accompagnements aupr\u00e8s des organismes financiers et bancaires<\/li><li>Identification des subventions disponibles<\/li><li>Documents et d\u00e9marches juridiques&nbsp;<\/li><\/ul>\n\n\n\n<p><a href=\"https:\/\/c2mb.com\/index.php\/contact\/\"><strong>Nous contacter\u00a0pour \u00e9tude de votre demande.<\/strong><\/a><\/p>\n","protected":false},"excerpt":{"rendered":"<p>Nous contacter\u00a0pour \u00e9tude de votre demande. Notre \u00e9quipe est \u00e0 votre \u00e9coute pour vous apporter une prestation adapt\u00e9e \u00e0 votre demande : Organisation comptable Tenue compl\u00e8te de comptabilit\u00e9 R\u00e9vision des comptes Formation sur des logiciels informatiques Proposition d&rsquo;outils comptables Nous contacter\u00a0pour \u00e9tude de votre demande. Vous \u00eates cr\u00e9ateurs, clients, notre service juridique vous accompagne en <\/p>\n<div class=\"read-more-text\"><a href=\"https:\/\/c2mb.com\/index.php\/nos-prestations\/\" class=\"read-more\">continue reading<\/a><\/div>\n","protected":false},"author":1,"featured_media":63,"parent":0,"menu_order":0,"comment_status":"closed","ping_status":"closed","template":"","meta":{"footnotes":""},"_links":{"self":[{"href":"https:\/\/c2mb.com\/index.php\/wp-json\/wp\/v2\/pages\/18"}],"collection":[{"href":"https:\/\/c2mb.com\/index.php\/wp-json\/wp\/v2\/pages"}],"about":[{"href":"https:\/\/c2mb.com\/index.php\/wp-json\/wp\/v2\/types\/page"}],"author":[{"embeddable":true,"href":"https:\/\/c2mb.com\/index.php\/wp-json\/wp\/v2\/users\/1"}],"replies":[{"embeddable":true,"href":"https:\/\/c2mb.com\/index.php\/wp-json\/wp\/v2\/comments?post=18"}],"version-history":[{"count":4,"href":"https:\/\/c2mb.com\/index.php\/wp-json\/wp\/v2\/pages\/18\/revisions"}],"predecessor-version":[{"id":96,"href":"https:\/\/c2mb.com\/index.php\/wp-json\/wp\/v2\/pages\/18\/revisions\/96"}],"wp:featuredmedia":[{"embeddable":true,"href":"https:\/\/c2mb.com\/index.php\/wp-json\/wp\/v2\/media\/63"}],"wp:attachment":[{"href":"https:\/\/c2mb.com\/index.php\/wp-json\/wp\/v2\/media?parent=18"}],"curies":[{"name":"wp","href":"https:\/\/api.w.org\/{rel}","templated":true}]}}